tors of 2393563.
19, 263, 479
List the prime factors of 66068530.
2, 5, 11, 600623
List the prime factors of 180938770.
2, 5, 151, 119827
List the prime factors of 56257475.
5, 1229, 1831
List the prime factors of 528678698.
2, 264339349
What are the prime factors of 3385533339?
3, 59, 6375769
What are the prime factors of 1308254049?
3, 659, 220579
List the prime factors of 36735921.
3, 1777, 2297
List the prime factors of 2306579215.
5, 461315843
What are the prime factors of 134327964?
2, 3, 11193997
What are the prime factors of 69483896?
2, 17, 31, 16481
What are the prime factors of 112669170?
2, 3, 5, 131, 28669
List the prime factors of 907001784.
2, 3, 13, 19, 51001
What are the prime factors of 522249136?
2, 4871, 6701
List the prime factors of 23615940.
2, 3, 5, 23, 109, 157
List the prime factors of 344095532.
2, 11, 659, 11867
What are the prime factors of 44200552?
2, 11, 149, 3371
What are the prime factors of 667395691?
19, 1163, 30203
What are the prime factors of 116137172?
2, 29034293
What are the prime factors of 46814961?
3, 29, 47, 107
What are the prime factors of 126312055?
5, 25262411
List the prime factors of 16956995.
5, 11, 308309
What are the prime factors of 596250130?
2, 5, 7, 73, 79, 211
List the prime factors of 54482080.
2, 5, 167, 2039
What are the prime factors of 24936583?
7, 3562369
What are the prime factors of 22624337?
22624337
What are the prime factors of 1526986244?
2, 7, 43, 1268261
What are the prime factors of 471059089?
373, 1262893
What are the prime factors of 79850334?
2, 3, 13308389
What are the prime factors of 14375469?
3, 277, 17299
List the prime factors of 48890177.
7, 79, 211, 419
What are the prime factors of 129104241?
3, 7, 6147821
What are the prime factors of 9503095?
5, 7, 271517
What are the prime factors of 2085346092?
2, 3, 173778841
What are the prime factors of 102862208?
2, 803611
What are the prime factors of 74733480?
2, 3, 5, 207593
What are the prime factors of 1341267546?
2, 3, 971, 230221
List the prime factors of 34522492.
2, 41, 181, 1163
List the prime factors of 2424092014.
2, 1212046007
List the prime factors of 1033107704.
2, 199, 648937
List the prime factors of 22104948.
2, 3, 1842079
What are the prime factors of 298084503?
3, 9403, 10567
What are the prime factors of 54920433?
3, 1361, 13451
What are the prime factors of 362123274?
2, 3, 60353879
What are the prime factors of 169508305?
5, 33901661
What are the prime factors of 713850091?
12101, 58991
List the prime factors of 1046845895.
5, 209369179
What are the prime factors of 161743049?
13, 17, 731869
List the prime factors of 372935077.
5009, 74453
What are the prime factors of 630687335?
5, 17, 7419851
List the prime factors of 126502071.
3, 42167357
What are the prime factors of 949770878?
2, 7, 23, 241, 12239
What are the prime factors of 187541769?
3, 163, 383521
What are the prime factors of 224972648?
2, 28121581
What are the prime factors of 63840303?
3, 1289, 5503
List the prime factors of 2553571624.
2, 89, 379, 9463
What are the prime factors of 4762224949?
4762224949
List the prime factors of 520860735.
3, 5, 29, 13763
List the prime factors of 136091656.
2, 17011457
What are the prime factors of 1221538685?
5, 79, 3092503
What are the prime factors of 47124591?
3, 1367, 11491
What are the prime factors of 5972031254?
2, 7, 8297, 51413
What are the prime factors of 1326645439?
7, 17, 11148281
What are the prime factors of 3685744572?
2, 3, 23, 139, 191, 503
List the prime factors of 43497209.
7, 23, 43, 61, 103
List the prime factors of 6323468687.
6323468687
What are the prime factors of 96424643?
7, 1879, 7331
List the prime factors of 104637232.
2, 7, 43, 21727
List the prime factors of 764791142.
2, 31, 151, 541
List the prime factors of 911232229.
19, 29, 87041
What are the prime factors of 268632833?
7, 38376119
List the prime factors of 50748887.
7, 7249841
List the prime factors of 1562291485.
5, 107, 2920171
List the prime factors of 8476691.
8476691
What are the prime factors of 1069117?
7, 163, 937
What are the prime factors of 1009383211?
17, 103, 576461
What are the prime factors of 19114710?
2, 3, 5, 637157
List the prime factors of 6111191371.
6111191371
What are the prime factors of 1515231112?
2, 809, 234121
What are the prime factors of 1961443627?
11, 13, 379, 36191
List the prime factors of 6681616.
2, 19, 31, 709
What are the prime factors of 4970087312?
2, 59, 5264923
List the prime factors of 117852736.
2, 23, 59
List the prime factors of 44402259.
3, 11, 19, 23, 3079
What are the prime factors of 901976878?
2, 11, 23, 1782563
List the prime factors of 353548484.
2, 4519, 19559
List the prime factors of 6350314947.
3, 2116771649
List the prime factors of 3632935040.
2, 5, 7, 810923
What are the prime factors of 91971220?
2, 5, 11, 418051
List the prime factors of 81595219.
229, 356311
List the prime factors of 242926796.
2, 7, 439, 19763
List the prime factors of 97899541.
97899541
List the prime factors of 175263874.
2, 751, 116687
List the prime factors of 2013988233.
3, 7853, 85487
What are the prime factors of 441382741?
11971, 36871
What are the prime factors of 1681299?
3, 89, 2099
What are the prime factors of 39776351?
727, 54713
List the prime factors of 4810597963.
197, 24419279
What are the prime factors of 592564944?
2, 3, 73, 169111
List the prime factors of 634336401.
3, 29, 181, 40283
List the prime factors of 405873521.
17, 23874913
What are the prime factors of 346040978?
2, 47, 3681287
What are the prime factors of 2109863238?
2, 3, 7, 547, 91837
What are the prime factors of 80856640?
2, 5, 29, 8713
What are the prime factors of 415662134?
2, 79, 2630773
What are the prime factors of 30834474?
2, 3, 11, 389, 1201
What are the prime factors of 838605669?
3, 11, 25412293
What are the prime factors of 1154606891?
1154606891
What are the prime factors of 67263411?
3, 41, 467, 1171
What are the prime factors of 583066225?
5, 7, 173, 19259
What are the prime factors of 6333256105?
5, 11, 115150111
What are the prime factors of 27531750?
2, 3, 5, 36709
List the prime factors of 1261718835.
3, 5, 13, 17, 59, 6451
List the prime factors of 179482595.
5, 29, 491, 2521
List the prime factors of 1260205972.
2, 23, 13697891
What are the prime factors of 187297689?
3, 29, 2152847
What are the prime factors of 3587235275?
5, 13, 67, 151, 1091
What are the prime factors of 6024918?
2, 3, 71, 14143
What are the prime factors of 851809?
7, 121687
What are the prime factors of 150320236?
2, 11, 137, 2267
List the prime factors of 3968100901.
6029, 658169
What are the prime factors of 93809759?
93809759
What are the prime factors of 3493397752?
2, 13, 33590363
What are the prime factors of 750565224?
2, 3, 53, 65563
What are the prime factors of 79424659?
79424659
List the prime factors of 785423648.
2, 509, 48221
What are the prime factors of 30317603?
30317603
List the prime factors of 49987145.
5, 13, 769033
What are the prime factors of 14698977?
3, 79, 109, 569
List the prime factors of 49799484.
2, 3, 7, 37, 109
What are the prime factors of 6069948?
2, 3, 593, 853
What are the prime factors of 96744459?
3, 7, 31, 148609
List the prime factors of 1542253000.
2, 5, 463, 3331
List the prime factors of 2949645523.
11, 1181, 227053
What are the prime factors of 1873131443?
71, 26382133
List the prime factors of 631279093.
631279093
What are the prime factors of 1351276779?
3, 29, 15531917
What are the prime factors of 105812495?
5, 151, 269, 521
What are the prime factors of 6514223250?
2, 3, 5, 8685631
List the prime factors of 77716737.
3, 7, 1233599
List the prime factors of 373546000.
2, 5, 186773
List the prime factors of 18320904.
2, 3, 7, 577
What are the prime factors of 113018111?
79, 271, 5279
List the prime factors of 8412032.
2, 65719
What are the prime factors of 177470262?
2, 3, 991, 9949
List the prime factors of 77827343.
11, 17, 191, 2179
What are the prime factors of 976715785?
5, 2347, 83231
What are the prime factors of 18734104?
2, 2341763
What are the prime factors of 90820759?
439, 443, 467
What are the prime factors of 116355020?
2, 5, 5817751
What are the prime factors of 173888027?
23, 109, 139, 499
What are the prime factors of 153431173